{"id":226,"date":"2021-08-02T10:20:44","date_gmt":"2021-08-02T10:20:44","guid":{"rendered":"http:\/\/ladyfuxia.com\/?page_id=226"},"modified":"2021-12-07T12:00:16","modified_gmt":"2021-12-07T12:00:16","slug":"loco-sexi-millonetis","status":"publish","type":"page","link":"https:\/\/ladyfuxia.com\/index.php\/loco-sexi-millonetis\/","title":{"rendered":"Bilog\u00eda Locos, Sexis &#038;&#8230;"},"content":{"rendered":"\n<p><strong><meta charset=\"utf-8\"><strong><em>Loco, Sexi &amp; Millonetis<\/em><\/strong><\/strong> (N\u00ba1)<\/p>\n\n\n\n<div class=\"wp-block-image\"><figure class=\"alignleft size-large is-resized\"><img loading=\"lazy\" decoding=\"async\" src=\"https:\/\/i0.wp.com\/ladyfuxia.com\/wp-content\/uploads\/2021\/08\/MILLONETIS-694x1024.png?resize=167%2C246&#038;ssl=1\" alt=\"\" class=\"wp-image-228\" width=\"167\" height=\"246\" srcset=\"https:\/\/i0.wp.com\/ladyfuxia.com\/wp-content\/uploads\/2021\/08\/MILLONETIS.png?resize=694%2C1024&amp;ssl=1 694w, https:\/\/i0.wp.com\/ladyfuxia.com\/wp-content\/uploads\/2021\/08\/MILLONETIS.png?resize=203%2C300&amp;ssl=1 203w, https:\/\/i0.wp.com\/ladyfuxia.com\/wp-content\/uploads\/2021\/08\/MILLONETIS.png?resize=768%2C1133&amp;ssl=1 768w, https:\/\/i0.wp.com\/ladyfuxia.com\/wp-content\/uploads\/2021\/08\/MILLONETIS.png?w=868&amp;ssl=1 868w\" sizes=\"(max-width: 167px) 100vw, 167px\" data-recalc-dims=\"1\" \/><\/figure><\/div>\n\n\n\n<p><\/p>\n\n\n\n<p><strong><em>Sinopsis:<\/em><\/strong><\/p>\n\n\n\n<p>Con lo que me gusta a m\u00ed un millonario atormentado, gru\u00f1\u00f3n y elegante\u2026 \u00a1me ten\u00eda que tocar trabajar para uno vacil\u00f3n, loco y demasiado sexi\u2026!, es decir, lo que yo llamo, un \u00abmillonetis\u00bb.<br>Quien dijo que afortunado en el juego, desafortunado en amores\u2026 no conoc\u00eda a Miguel&#8230;<br><strong>Miguel\u00a0<\/strong>es un peligro p\u00fablico. O eso ha dicho un juez&#8230; Es imprudente, descarado y necesita ayuda urgente para gestionar uno de los mayores botes del\u00a0<strong>Euromill\u00f3n.<\/strong><br>Yo me llamo\u00a0<strong>Isa,<\/strong>\u00a0soy una chica responsable, sensata y estoy decidida a ser una mujer empresaria de \u00e9xito a la que ning\u00fan hombre pueda hacer sombra. El amor no entra en mis planes, y menos, renunciar a mi sue\u00f1o por un insolente y sinverg\u00fcenza labio inferior&#8230;<br>\u00c9l tuvo la suerte de tocarle la loter\u00eda y yo la desgracia de enamorarme de alguien capaz de romperme todos los esquemas. \u00bfO fue al rev\u00e9s\u2026?<\/p>\n\n\n\n<p><\/p>\n\n\n\n<p><strong>Desc\u00e1rgatelo en el siguiente link:<\/strong> <a rel=\"noreferrer noopener\" href=\"https:\/\/www.azonlinks.com\/B099FPS2FC\" target=\"_blank\"><span class=\"has-inline-color has-vivid-green-cyan-color\">https:\/\/www.azonlinks.com\/B099FPS2FC<\/span><\/a><\/p>\n\n\n\n<p><span style=\"color:#f10492\" class=\"has-inline-color\"><strong>*Si quieres e<\/strong><\/span><strong><span style=\"color:#f10492\" class=\"has-inline-color\">ste libro en papel<\/span>, ve a la pesta\u00f1a tienda.<\/strong><\/p>\n\n\n\n<p><\/p>\n\n\n\n<p><\/p>\n\n\n\n<p><strong><em>Loca, Sexi y Mentirosa<\/em><\/strong> (N\u00ba2)<\/p>\n\n\n\n<div class=\"wp-block-image\"><figure class=\"alignleft size-full is-resized\"><img loading=\"lazy\" decoding=\"async\" src=\"https:\/\/i0.wp.com\/ladyfuxia.com\/wp-content\/uploads\/2021\/09\/ment.png?resize=187%2C272\" alt=\"\" class=\"wp-image-373\" width=\"187\" height=\"272\" srcset=\"https:\/\/i0.wp.com\/ladyfuxia.com\/wp-content\/uploads\/2021\/09\/ment.png?w=430&amp;ssl=1 430w, https:\/\/i0.wp.com\/ladyfuxia.com\/wp-content\/uploads\/2021\/09\/ment.png?resize=206%2C300&amp;ssl=1 206w\" sizes=\"(max-width: 187px) 100vw, 187px\" data-recalc-dims=\"1\" \/><\/figure><\/div>\n\n\n\n<p><\/p>\n\n\n\n<p><strong><em>Sinopsis:<\/em><\/strong><\/p>\n\n\n\n<p>Con lo que me gusta a m\u00ed un millonario atormentado, gru\u00f1\u00f3n y elegante\u2026 \u00a1me ten\u00eda que tocar trabajar para uno vacil\u00f3n, loco y demasiado sexi\u2026!, es decir, lo que yo llamo, un \u00abmillonetis\u00bb.<br>Quien dijo que afortunado en el juego, desafortunado en amores\u2026 no conoc\u00eda a Miguel&#8230;<br><strong>Miguel\u00a0<\/strong>es un peligro p\u00fablico. O eso ha dicho un juez&#8230; Es imprudente, descarado y necesita ayuda urgente para gestionar uno de los mayores botes del\u00a0<strong>Euromill\u00f3n.<\/strong><br>Yo me llamo\u00a0<strong>Isa,<\/strong>\u00a0soy una chica responsable, sensata y estoy decidida a ser una mujer empresaria de \u00e9xito a la que ning\u00fan hombre pueda hacer sombra. El amor no entra en mis planes, y menos, renunciar a mi sue\u00f1o por un insolente y sinverg\u00fcenza labio inferior&#8230;<br>\u00c9l tuvo la suerte de tocarle la loter\u00eda y yo la desgracia de enamorarme de alguien capaz de romperme todos los esquemas. \u00bfO fue al rev\u00e9s\u2026?<\/p>\n\n\n\n<p><\/p>\n\n\n\n<p><meta charset=\"utf-8\"><strong>Desc\u00e1rgalo en el siguiente link:<\/strong> <a rel=\"noreferrer noopener\" href=\"https:\/\/www.azonlinks.com\/B099FPS2FC\" target=\"_blank\"><\/a><a rel=\"noreferrer noopener\" href=\"https:\/\/www.azonlinks.com\/B09H2VHPHR\" target=\"_blank\"><span class=\"has-inline-color has-luminous-vivid-orange-color\">https:\/\/www.azonlinks.com\/B09H2VHPHR<\/span><\/a><\/p>\n\n\n\n<p><meta charset=\"utf-8\"><span style=\"color:#f10492\" class=\"has-inline-color\"><strong>*Si quieres e<\/strong><\/span><strong><span style=\"color:#f10492\" class=\"has-inline-color\">ste libro en papel<\/span>, ve a la pesta\u00f1a tienda.<\/strong><\/p>\n\n\n\n<p><\/p>\n ","protected":false},"excerpt":{"rendered":"<p>Loco, Sexi &amp; Millonetis (N\u00ba1) Sinopsis: Con lo que me gusta a m\u00ed un millonario atormentado, gru\u00f1\u00f3n y elegante\u2026 \u00a1me ten\u00eda que tocar trabajar para uno vacil\u00f3n, loco y demasiado sexi\u2026!, es decir, lo que yo llamo, un \u00abmillonetis\u00bb.Quien dijo que afortunado en el juego, desafortunado en amores\u2026 no conoc\u00eda a Miguel&#8230;Miguel\u00a0es un peligro p\u00fablico. O eso ha dicho un juez&#8230; Es imprudente, descarado y necesita ayuda urgente para gestionar uno de los mayores botes del\u00a0Euromill\u00f3n.Yo me llamo\u00a0Isa,\u00a0soy una chica responsable, sensata y estoy decidida a ser una mujer empresaria de \u00e9xito a la que ning\u00fan hombre pueda hacer sombra. El amor no entra en mis planes, y menos, renunciar a mi sue\u00f1o por un insolente y sinverg\u00fcenza labio inferior&#8230;\u00c9l tuvo la suerte de tocarle la loter\u00eda y yo la desgracia de enamorarme de alguien capaz de romperme todos los esquemas. \u00bfO fue al rev\u00e9s\u2026? Desc\u00e1rgatelo en el siguiente link: https:\/\/www.azonlinks.com\/B099FPS2FC *Si quieres este libro en papel, ve a la pesta\u00f1a tienda. Loca, Sexi y Mentirosa (N\u00ba2) Sinopsis: Con lo que me gusta a m\u00ed un millonario atormentado, gru\u00f1\u00f3n y elegante\u2026 \u00a1me ten\u00eda que tocar trabajar para uno vacil\u00f3n, loco y demasiado sexi\u2026!, es decir, lo que yo llamo, un \u00abmillonetis\u00bb.Quien dijo que afortunado en el juego, desafortunado en amores\u2026 no conoc\u00eda a Miguel&#8230;Miguel\u00a0es un peligro p\u00fablico. O eso ha dicho un juez&#8230; Es imprudente, descarado y necesita ayuda urgente para gestionar uno de los mayores botes del\u00a0Euromill\u00f3n.Yo me llamo\u00a0Isa,\u00a0soy una chica responsable, sensata y estoy decidida a ser una mujer empresaria de \u00e9xito a la que ning\u00fan hombre pueda hacer sombra. El amor no entra en mis planes, y menos, renunciar a mi sue\u00f1o por un insolente y sinverg\u00fcenza labio inferior&#8230;\u00c9l tuvo la suerte de tocarle la loter\u00eda y yo la desgracia de enamorarme de alguien capaz de romperme todos los esquemas. \u00bfO fue al rev\u00e9s\u2026? Desc\u00e1rgalo en el siguiente link: https:\/\/www.azonlinks.com\/B09H2VHPHR *Si quieres este libro en papel, ve a la pesta\u00f1a tienda.<\/p>\n","protected":false},"author":1,"featured_media":0,"parent":0,"menu_order":0,"comment_status":"closed","ping_status":"closed","template":"","meta":{"footnotes":""},"jetpack_sharing_enabled":true,"jetpack-related-posts":[{"id":370,"url":"https:\/\/ladyfuxia.com\/index.php\/loca-sexi-mentirosa\/","url_meta":{"origin":226,"position":0},"title":"Loca, Sexi &#038; Mentirosa","author":"Anny Peterson","date":"24 de septiembre de 2021","format":false,"excerpt":"Loca, Sexi y Mentirosa Leer aqu\u00ed en digital: https:\/\/www.azonlinks.com\/B09H2VHPHR SINOPSIS: Con lo que me gusta a m\u00ed un millonario atormentado, gru\u00f1\u00f3n y elegante\u2026 \u00a1me ten\u00eda que tocar trabajar para uno vacil\u00f3n, loco y demasiado sexi\u2026!, es decir, lo que yo llamo, un \"millonetis\".Quien dijo que afortunado en el juego, desafortunado\u2026","rel":"","context":"Entrada similar","block_context":{"text":"Entrada similar","link":""},"img":{"alt_text":"","src":"https:\/\/i0.wp.com\/ladyfuxia.com\/wp-content\/uploads\/2021\/09\/ment.png?resize=350%2C200&ssl=1","width":350,"height":200},"classes":[]},{"id":22,"url":"https:\/\/ladyfuxia.com\/index.php\/mis-libros\/","url_meta":{"origin":226,"position":1},"title":"MIS LIBROS","author":"Anny Peterson","date":"16 de enero de 2021","format":false,"excerpt":"*Si quieres conseguir mis libros en papel, dedicados, con solapas y marcap\u00e1ginas a juego, puedes ve a la TIENDA y rellena el formulario. Tambi\u00e9n puedes disfrutar de ellos en DIGITAL AQU\u00cd, sea cu\u00e1l sea tu dispositivo electr\u00f3nico.\u00a0Ebook, m\u00f3vil \u2026 instalando la aplicaci\u00f3n gratuita de Kindle. \u00bfQUIERES SABER EL ORDEN RECOMENDADO\u2026","rel":"","context":"Entrada similar","block_context":{"text":"Entrada similar","link":""},"img":{"alt_text":"","src":"https:\/\/i0.wp.com\/ladyfuxia.com\/wp-content\/uploads\/2021\/11\/MISLIBROS.png?resize=350%2C200&ssl=1","width":350,"height":200,"srcset":"https:\/\/i0.wp.com\/ladyfuxia.com\/wp-content\/uploads\/2021\/11\/MISLIBROS.png?resize=350%2C200&ssl=1 1x, https:\/\/i0.wp.com\/ladyfuxia.com\/wp-content\/uploads\/2021\/11\/MISLIBROS.png?resize=700%2C400&ssl=1 2x"},"classes":[]},{"id":29,"url":"https:\/\/ladyfuxia.com\/index.php\/orden-de-mis-libros\/","url_meta":{"origin":226,"position":2},"title":"Orden de mis libros","author":"Anny Peterson","date":"16 de enero de 2021","format":false,"excerpt":"Siempre recomiendo seguir el orden de publicaci\u00f3n, ya que en todos mis libros hay gui\u00f1os o cameos de los anteriores, aunque sin gran relevancia para la historia principal, simplemente se disfrutan m\u00e1s al relacionar los gui\u00f1os.\u00a0Pero es importante saber\u00a0que hay dos universos claros:\u00a01) La bilog\u00eda Droga + La bilog\u00eda Mafia\u00a02)\u2026","rel":"","context":"Entrada similar","block_context":{"text":"Entrada similar","link":""},"img":{"alt_text":"","src":"https:\/\/i0.wp.com\/ladyfuxia.com\/wp-content\/uploads\/2021\/12\/unnamed2-scaled.jpeg?resize=350%2C200&ssl=1","width":350,"height":200,"srcset":"https:\/\/i0.wp.com\/ladyfuxia.com\/wp-content\/uploads\/2021\/12\/unnamed2-scaled.jpeg?resize=350%2C200&ssl=1 1x, https:\/\/i0.wp.com\/ladyfuxia.com\/wp-content\/uploads\/2021\/12\/unnamed2-scaled.jpeg?resize=700%2C400&ssl=1 2x, https:\/\/i0.wp.com\/ladyfuxia.com\/wp-content\/uploads\/2021\/12\/unnamed2-scaled.jpeg?resize=1050%2C600&ssl=1 3x, https:\/\/i0.wp.com\/ladyfuxia.com\/wp-content\/uploads\/2021\/12\/unnamed2-scaled.jpeg?resize=1400%2C800&ssl=1 4x"},"classes":[]},{"id":599,"url":"https:\/\/ladyfuxia.com\/index.php\/morgan-history\/","url_meta":{"origin":226,"position":3},"title":"Morgan History","author":"Anny Peterson","date":"9 de septiembre de 2022","format":false,"excerpt":"\u00bfVienes a refrescar la bilog\u00eda En el fondo y Vas a ser? \u00a1Perfecto!\u00bfVienes porque quieres leer VAS A SER SUYA y quieres un resumen de lo que ocurri\u00f3 en los libros de sus padres? \u00a1Genial! https:\/\/youtu.be\/6vzuluGOrXY \u00a0VAS A SER M\u00cdA:Esta novela comienza de forma muy especial... A Luz Morgan, una\u2026","rel":"","context":"Entrada similar","block_context":{"text":"Entrada similar","link":""},"img":{"alt_text":"","src":"https:\/\/i0.wp.com\/ladyfuxia.com\/wp-content\/uploads\/2022\/09\/todos9.png?resize=350%2C200","width":350,"height":200},"classes":[]},{"id":1043,"url":"https:\/\/ladyfuxia.com\/index.php\/capitulo-1-vas-a-ser-suya\/","url_meta":{"origin":226,"position":4},"title":"Cap\u00edtulo 1 \u00abVas a ser Suya\u00bb","author":"Anny Peterson","date":"15 de mayo de 2024","format":false,"excerpt":"1viaje al centro de la tierra\u00a0\u00a0 \u201cMi coraz\u00f3n es el \u00fanico que late en este mundo despoblado\u201dJulio Verne \u00a0 \u00a0 Hola, me llamo Carlota, pero deber\u00edan llamarme Murphy porque ese patr\u00f3n de pesimismo universal que reza que \u00absi algo puede salir mal, saldr\u00e1 mal\u00bb, me representa totalmente. Haga lo que\u2026","rel":"","context":"Entrada similar","block_context":{"text":"Entrada similar","link":""},"img":{"alt_text":"","src":"https:\/\/i0.wp.com\/ladyfuxia.com\/wp-content\/uploads\/2024\/05\/webnewmorgan-1140x382.png?resize=350%2C200","width":350,"height":200,"srcset":"https:\/\/i0.wp.com\/ladyfuxia.com\/wp-content\/uploads\/2024\/05\/webnewmorgan-1140x382.png?resize=350%2C200 1x, https:\/\/i0.wp.com\/ladyfuxia.com\/wp-content\/uploads\/2024\/05\/webnewmorgan-1140x382.png?resize=700%2C400 2x"},"classes":[]}],"_links":{"self":[{"href":"https:\/\/ladyfuxia.com\/index.php\/wp-json\/wp\/v2\/pages\/226"}],"collection":[{"href":"https:\/\/ladyfuxia.com\/index.php\/wp-json\/wp\/v2\/pages"}],"about":[{"href":"https:\/\/ladyfuxia.com\/index.php\/wp-json\/wp\/v2\/types\/page"}],"author":[{"embeddable":true,"href":"https:\/\/ladyfuxia.com\/index.php\/wp-json\/wp\/v2\/users\/1"}],"replies":[{"embeddable":true,"href":"https:\/\/ladyfuxia.com\/index.php\/wp-json\/wp\/v2\/comments?post=226"}],"version-history":[{"count":7,"href":"https:\/\/ladyfuxia.com\/index.php\/wp-json\/wp\/v2\/pages\/226\/revisions"}],"predecessor-version":[{"id":479,"href":"https:\/\/ladyfuxia.com\/index.php\/wp-json\/wp\/v2\/pages\/226\/revisions\/479"}],"wp:attachment":[{"href":"https:\/\/ladyfuxia.com\/index.php\/wp-json\/wp\/v2\/media?parent=226"}],"curies":[{"name":"wp","href":"https:\/\/api.w.org\/{rel}","templated":true}]}}