{"id":99,"date":"2021-01-18T16:05:28","date_gmt":"2021-01-18T16:05:28","guid":{"rendered":"http:\/\/ladyfuxia.com\/?page_id=99"},"modified":"2021-12-07T12:10:48","modified_gmt":"2021-12-07T12:10:48","slug":"yo-superyo-y-elle","status":"publish","type":"page","link":"https:\/\/ladyfuxia.com\/index.php\/yo-superyo-y-elle\/","title":{"rendered":"Yo, Supery\u00f3 y Elle"},"content":{"rendered":"\n<p><meta charset=\"utf-8\"><strong>Yo, Superyo y Elle<\/strong> (libro \u00fanico)<\/p>\n\n\n\n<div class=\"wp-block-image\"><figure class=\"alignleft size-large is-resized\"><img decoding=\"async\" src=\"https:\/\/i0.wp.com\/ladyfuxia.com\/wp-content\/uploads\/2021\/01\/ystelle-2.png?w=960&#038;ssl=1\" alt=\"\" class=\"wp-image-142\" width=\"-361\" height=\"-498\" srcset=\"https:\/\/i0.wp.com\/ladyfuxia.com\/wp-content\/uploads\/2021\/01\/ystelle-2.png?w=328&amp;ssl=1 328w, https:\/\/i0.wp.com\/ladyfuxia.com\/wp-content\/uploads\/2021\/01\/ystelle-2.png?resize=217%2C300&amp;ssl=1 217w\" sizes=\"(max-width: 328px) 100vw, 328px\" data-recalc-dims=\"1\" \/><\/figure><\/div>\n\n\n\n<p><strong>S<em>inopsis:<\/em><\/strong><br>\u201cImagina que tu gemela empieza a salir con el hombre de tus sue\u00f1os.<br>Seg\u00fan Freud, tu <strong>YO<\/strong> dir\u00eda \u00abpues me alegro por ellos, me da igual\u2026\u00bb<br>Tu <strong>SUPERY\u00d3<\/strong> pensar\u00eda \u00ab\u00a1Sup\u00e9ralo ya, est\u00e1s por encima de ese idiota!\u00bb<br>Pero tu <strong>ELLO<\/strong> gritar\u00eda \u00ab\u00a1Malditos hijos de perraaaa!\u00bb<br>Es dif\u00edcil ponerse de acuerdo entre lo que dices, lo que de verdad piensas y lo que crees que deber\u00edas pensar.<br>Pero el tal Freud olvid\u00f3 un concepto fundamental en su famosa teor\u00eda\u2026 a <strong>ELLE<\/strong>. Alguien que comparti\u00f3 la bolsa amni\u00f3tica conmigo, pero no estaba dispuesta a compartir al hombre de nuestras vidas\u201d.<\/p>\n\n\n\n<p><\/p>\n\n\n\n<p><strong>Desc\u00e1rgalo en el siguiente Link:<\/strong> <em><a href=\"https:\/\/www.azonlinks.com\/B08S48BJTH\"><span class=\"has-inline-color has-luminous-vivid-amber-color\">https:\/\/www.azonlinks.com\/B08S48BJTH<\/span><\/a><\/em><\/p>\n\n\n\n<p><\/p>\n\n\n\n<p>*<span class=\"has-inline-color has-luminous-vivid-amber-color\">Si lo quieres en papel<\/span>, puedes comprarlo en amazon, aqu\u00ed: <a href=\"https:\/\/www.amazon.es\/Yo-Supery%C3%B3-Elle-Anny-Peterson\/dp\/B09M82ZZHC\/ref=tmm_hrd_swatch_0?_encoding=UTF8&amp;qid=&amp;sr=\"><span class=\"has-inline-color has-luminous-vivid-amber-color\">https:\/\/www.amazon.es\/B09M82ZZHC<\/span><\/a><\/p>\n ","protected":false},"excerpt":{"rendered":"<p>Yo, Superyo y Elle (libro \u00fanico) Sinopsis:\u201cImagina que tu gemela empieza a salir con el hombre de tus sue\u00f1os.Seg\u00fan Freud, tu YO dir\u00eda \u00abpues me alegro por ellos, me da igual\u2026\u00bbTu SUPERY\u00d3 pensar\u00eda \u00ab\u00a1Sup\u00e9ralo ya, est\u00e1s por encima de ese idiota!\u00bbPero tu ELLO gritar\u00eda \u00ab\u00a1Malditos hijos de perraaaa!\u00bbEs dif\u00edcil ponerse de acuerdo entre lo que dices, lo que de verdad piensas y lo que crees que deber\u00edas pensar.Pero el tal Freud olvid\u00f3 un concepto fundamental en su famosa teor\u00eda\u2026 a ELLE. Alguien que comparti\u00f3 la bolsa amni\u00f3tica conmigo, pero no estaba dispuesta a compartir al hombre de nuestras vidas\u201d. Desc\u00e1rgalo en el siguiente Link: https:\/\/www.azonlinks.com\/B08S48BJTH *Si lo quieres en papel, puedes comprarlo en amazon, aqu\u00ed: https:\/\/www.amazon.es\/B09M82ZZHC<\/p>\n","protected":false},"author":1,"featured_media":0,"parent":0,"menu_order":0,"comment_status":"closed","ping_status":"closed","template":"","meta":{"footnotes":""},"jetpack_sharing_enabled":true,"jetpack-related-posts":[{"id":22,"url":"https:\/\/ladyfuxia.com\/index.php\/mis-libros\/","url_meta":{"origin":99,"position":0},"title":"MIS LIBROS","author":"Anny Peterson","date":"16 de enero de 2021","format":false,"excerpt":"*Si quieres conseguir mis libros en papel, dedicados, con solapas y marcap\u00e1ginas a juego, puedes ve a la TIENDA y rellena el formulario. Tambi\u00e9n puedes disfrutar de ellos en DIGITAL AQU\u00cd, sea cu\u00e1l sea tu dispositivo electr\u00f3nico.\u00a0Ebook, m\u00f3vil \u2026 instalando la aplicaci\u00f3n gratuita de Kindle. \u00bfQUIERES SABER EL ORDEN RECOMENDADO\u2026","rel":"","context":"Entrada similar","block_context":{"text":"Entrada similar","link":""},"img":{"alt_text":"","src":"https:\/\/i0.wp.com\/ladyfuxia.com\/wp-content\/uploads\/2021\/11\/MISLIBROS.png?resize=350%2C200&ssl=1","width":350,"height":200,"srcset":"https:\/\/i0.wp.com\/ladyfuxia.com\/wp-content\/uploads\/2021\/11\/MISLIBROS.png?resize=350%2C200&ssl=1 1x, https:\/\/i0.wp.com\/ladyfuxia.com\/wp-content\/uploads\/2021\/11\/MISLIBROS.png?resize=700%2C400&ssl=1 2x"},"classes":[]},{"id":29,"url":"https:\/\/ladyfuxia.com\/index.php\/orden-de-mis-libros\/","url_meta":{"origin":99,"position":1},"title":"Orden de mis libros","author":"Anny Peterson","date":"16 de enero de 2021","format":false,"excerpt":"Siempre recomiendo seguir el orden de publicaci\u00f3n, ya que en todos mis libros hay gui\u00f1os o cameos de los anteriores, aunque sin gran relevancia para la historia principal, simplemente se disfrutan m\u00e1s al relacionar los gui\u00f1os.\u00a0Pero es importante saber\u00a0que hay dos universos claros:\u00a01) La bilog\u00eda Droga + La bilog\u00eda Mafia\u00a02)\u2026","rel":"","context":"Entrada similar","block_context":{"text":"Entrada similar","link":""},"img":{"alt_text":"","src":"https:\/\/i0.wp.com\/ladyfuxia.com\/wp-content\/uploads\/2021\/12\/unnamed2-scaled.jpeg?resize=350%2C200&ssl=1","width":350,"height":200,"srcset":"https:\/\/i0.wp.com\/ladyfuxia.com\/wp-content\/uploads\/2021\/12\/unnamed2-scaled.jpeg?resize=350%2C200&ssl=1 1x, https:\/\/i0.wp.com\/ladyfuxia.com\/wp-content\/uploads\/2021\/12\/unnamed2-scaled.jpeg?resize=700%2C400&ssl=1 2x, https:\/\/i0.wp.com\/ladyfuxia.com\/wp-content\/uploads\/2021\/12\/unnamed2-scaled.jpeg?resize=1050%2C600&ssl=1 3x, https:\/\/i0.wp.com\/ladyfuxia.com\/wp-content\/uploads\/2021\/12\/unnamed2-scaled.jpeg?resize=1400%2C800&ssl=1 4x"},"classes":[]}],"_links":{"self":[{"href":"https:\/\/ladyfuxia.com\/index.php\/wp-json\/wp\/v2\/pages\/99"}],"collection":[{"href":"https:\/\/ladyfuxia.com\/index.php\/wp-json\/wp\/v2\/pages"}],"about":[{"href":"https:\/\/ladyfuxia.com\/index.php\/wp-json\/wp\/v2\/types\/page"}],"author":[{"embeddable":true,"href":"https:\/\/ladyfuxia.com\/index.php\/wp-json\/wp\/v2\/users\/1"}],"replies":[{"embeddable":true,"href":"https:\/\/ladyfuxia.com\/index.php\/wp-json\/wp\/v2\/comments?post=99"}],"version-history":[{"count":11,"href":"https:\/\/ladyfuxia.com\/index.php\/wp-json\/wp\/v2\/pages\/99\/revisions"}],"predecessor-version":[{"id":489,"href":"https:\/\/ladyfuxia.com\/index.php\/wp-json\/wp\/v2\/pages\/99\/revisions\/489"}],"wp:attachment":[{"href":"https:\/\/ladyfuxia.com\/index.php\/wp-json\/wp\/v2\/media?parent=99"}],"curies":[{"name":"wp","href":"https:\/\/api.w.org\/{rel}","templated":true}]}}